 + 2. Let r be j(-3). Suppose -h = 4*h - r. What is the remainder when ((-4)/(-10))/(4/120) is divided by h?
5
Suppose -6 + 74 = 2*i. What is the remainder when i is divided by 12?
10
Suppose -25 = -3*b + 2*b. Let i = -5 + 7. Suppose -i*p - 3 = -b. What is the remainder when 32 is divided by p?
10
Let x = -16 - -26. What is the remainder when 26 is divided by x?
6
Let g(t) = -5*t - 7. Let u(c) = -24*c - 36. Let r(a) = 14*g(a) - 3*u(a). Let p be r(-7). What is the remainder when 41 is divided by p/(-10) - (-68)/5?
13
Suppose -5*n + 25 = -4*n. Suppose -23 = -4*g + n. What is the remainder when g is divided by 8?
4
Suppose 2*c = -116 + 14. Let s = c + 74. Calculate the remainder when (-2)/4*(-134)/(-3 - -4) is divided by s.
21
Let a(q) = 2*q**3 - 12*q**2 - 6*q - 11. What is the remainder when a(7) is divided by 16?
13
Suppose -g + 5*d - 20 = 3, 2*d + 1 = -3*g. Calculate the remainder when (-120)/32*40/g is divided by 26.
24
Let b = -3 - -5. Suppose 4*q - b = 2. What is the remainder when ((-1)/(-1) - (-1 + 3))/(-1) is divided by q?
0
Let r(u) = u**2 - 2*u + 3. Let n = 7 - 4. Let c(w) = 3*w**2 + 3*w - 19. What is the remainder when c(3) is divided by r(n)?
5
Suppose -2*i = -6*i + 40. Suppose 2*a - 11 = 3*k + 36, -3*k + 65 = 2*a. Calculate the remainder when a is divided by i.
8
What is the remainder when (-1 - -1 - 1) + 30 is divided by 2/7 - 1496/(-154)?
9
Let r be ((-8)/(-12))/((-4)/(-6)). Let c = 136 - 81. What is the remainder when c is divided by r/(-1 - 20/(-19))?
17
Suppose 0*v + 4*v - 28 = 0. Suppose 4*g + 13 = 5*q, 3*g + 11 - 2 = 3*q. Calculate the remainder when (-1 - 19)/(-1)*q is divided by v.
6
Let j(w) = w + 2. Let q(y) = -y - 2. Let f(a) = -3*j(a) - 4*q(a). Let i be f(8). Calculate the remainder when 4/(-6)*3 + i is divided by 5.
3
Suppose 5*v = 3*v - 66. Let g(s) = s. What is the remainder when 6/v - 72/(-33) is divided by g(1)?
0
Let s = -1 - -4. Suppose s - 4 = -q. Calculate the remainder when 2 is divided by q.
0
Let r = -3 - -10. What is the remainder when r is divided by 5?
2
Let a(c) = 3*c**3 - 2*c**2 + c - 1. Suppose 0*w + 6 = 3*w. Let b be ((-16)/(-20))/(w/5). Calculate the remainder when a(b) is divided by 6.
5
Let t(x) be the third derivative of -x**6/120 + x**5/12 - x**3/3 + 2*x**2. Calculate the remainder when 39 is divided by t(4).
11
Suppose -2*p = -0*p - 32. Let m = p - 3. Calculate the remainder when 38 is divided by m.
12
What is the remainder when 140 is divided by (0 - 16)*(-2 - (-1)/(-4))?
32
Let x be 2*(-1 + 15/6). Suppose 0 = -2*s - x*s + 15. Suppose 2*n - z + s*z - 12 = 0, -5*n + 5*z + 40 = 0. Calculate the remainder when 11 is divided by n.
4
Suppose 0 = 4*k - l - 28, 2*k - 5*k = 2*l - 10. Calculate the remainder when 20 is divided by k.
2
Calculate the remainder when 166 is divided by (-6)/14 - 1128/(-84).
10
Let z be 1*(0 + 2 - 5). Let g be 265/3 + z/9. Let n = 129 - g. Calculate the remainder when n is divided by 14.
13
Let n = -25 - -7. What is the remainder when (-1468)/(-36) + (-4)/n is divided by 14?
13
Suppose -n + 3*k + 62 = -0*k, -134 = -3*n - 4*k. Calculate the remainder when n is divided by 17.
16
Let i = -16 - -16. Suppose 3*j - j - 96 = i. What is the remainder when j is divided by 17?
14
Let n = 5 + -4. Let q be -1 + (0/n - 13). What is the remainder when (-8)/(-28) - 290/q is divided by 11?
10
Suppose -p = -t + 5*t - 5, -5*p = 4*t - 25. Suppose t*y - 5*l + 29 = y, -3*y + 3*l + 33 = 0. Calculate the remainder when 27 is divided by y.
13
Suppose 27*w = 20*w + 287. What is the remainder when 114 is divided by w?
32
Let q be 2/(-8) - (-1062)/24. Let m = q - 26. Calculate the remainder when (-21)/(-6)*2*5 is divided by m.
17
Suppose -3*s = -2 - 31. What is the remainder when 64 is divided by s?
9
Suppose 3*m - 21 = -c + 4*m, -c + 33 = -5*m. Suppose 2*i = -3*i - 70. What is the remainder when (i/2)/((-2)/10) is divided by c?
17
Let r(d) = 9*d - 8. What is the remainder when 111 is divided by r(3)?
16
Let k(z) = 11*z - 2. Let c be k(-5). Let y = -31 - -48. Let f = y - c. Calculate the remainder when f is divided by 25.
24
Suppose 9*u = u + 96. Suppose t - 5*t + 184 = 0. What is the remainder when t is divided by u?
10
Suppose 5 = -5*z + 50. What is the remainder when 31 is divided by (-1 - -6) + z + -6?
7
Suppose 0 = 3*h - 2*h - 4. Suppose -5*g + h*w = -80, -4*w = g - 2*g + 32. Let v = 35 + -1. Calculate the remainder when v is divided by g.
10
Suppose 0 = q + 5*x + 21, -2*q + 4*x = -0*q - 28. Calculate the remainder when 12 - (1 + 2 - 2) is divided by q.
3
Let z(y) = -2*y. Let h be z(-2). Suppose 0 = h*w + 4, -2*m - 4*w = 1 + 1. Suppose 2 = -c + 3*t - 6, t - 4 = -c. Calculate the remainder when m is divided by c.
0
Let n = -9 + 5. Let w = 9 + n. Suppose 3*t - 31 = -o, 53 = w*t + o - 2. What is the remainder when t is divided by 7?
5
Suppose -16*d + 18*d - 38 = 0. What is the remainder when 91 is divided by d?
15
Suppose 4*k = 3*m + 52, 0*k = 5*k + 3*m - 65. What is the remainder when (2/6)/(4/300) is divided by k?
12
Suppose 4 = z + 2. Let l be (1 - 0)*(z + 0). Let h = 4 + l. What is the remainder when 17 is divided by h?
5
Suppose 5*o - 2*o - 150 = 0. Suppose 2*d = -4*z + 8, 2*d - 3*z + 4 = -z. Suppose j = -d*j + 17. What is the remainder when o is divided by j?
16
Let s(n) = n**3 - 5*n**2 + 2*n. Let c be (-34)/(-6) - (-8)/(-12). What is the remainder when 19 is divided by s(c)?
9
Let j = 24 + 3. Calculate the remainder when 105 is divided by j.
24
Let x = -38 - -66. Calculate the remainder when x is divided by 60/(-48)*8/(-1).
8
Let k = -1 - -8. Let b = -6 + k. Suppose -x - 2*u = 0, u + b = -x + 5. What is the remainder when x is divided by 5?
3
Let t = 268 + -190. Let c = t + -29. Let o = -25 - -42. What is the remainder when c is divided by o?
15
Suppose 0 = 4*b - 11 - 9. Calculate the remainder when 13 is divided by b.
3
Let n(y) = 2*y - 2 - 3*y**3 + 3*y**3 + 2*y**3 + 2*y**2 - y**3. What is the remainder when 52 is divided by n(2)?
16
Let f be -56*((-36)/16 + -2). What is the remainder when 33 is divided by 3/(-2)*f/(-21)?
16
Let w = -78 + 138. Let d = w - 34. What is the remainder when d is divided by 7?
5
Suppose 5*u - 5 = 35. Suppose 4*v = -0*v + u. Let r = 2 + v. What is the remainder when 10 is divided by r?
2
Calculate the remainder when (-24)/(-16) + 946/4 is divided by 16.
14
Suppose 0 = 23*m - 21*m - 10. Let u(o) = -o + 5. Let l be u(0). Suppose l*k + h - 74 = 5*h, h + 15 = k. What is the remainder when k is divided by m?
4
Let q(o) = 30*o**3 + 4*o**2 - o. Let y(h) = 61*h**3 + 9*h**2 - 2*h. Let l(v) = 7*q(v) - 3*y(v). Calculate the remainder when l(1) is divided by 7.
6
Let x(g) = 5*g**2 - 4*g + 3. Let q(y) = -4*y - 7. Let s be q(-4). Suppose -s*t + 116 = -5*t. Calculate the remainder when t is divided by x(2).
14
Let z = -103 - -206. Calculate the remainder when z is divided by 35.
33
Let w = -3 - -6. Let s(l) = 2*l**2 + 2*l - 1. Let x be s(w). Suppose 5*r + 1 + 17 = 3*p, -4*r = p - x. What is the remainder when p is divided by 4?
3
Suppose 10*s - s - 171 = 0. Calculate the remainder when s is divided by 5.
4
Suppose -3*i + 100 = 2*i. Let l = 0 - -4. Suppose -n = -l*g + 31, 0*n - 2 = -2*g - 4*n. Calculate the remainder when i is divided by g.
6
Suppose -13 = 2*a - 73. What is the remainder when a is divided by 17?
13
Suppose 40 = -z + 3*z + 5*m, 3*z - m = 43. What is the remainder when z is divided by 8*(1 + -2 - -2)?
7
Let d(f) = 65*f**3 + f**2 - 2*f + 1. Let a(u) = u**2 - 8*u + 22. What is the remainder when d(1) is divided by a(0)?
21
Suppose 6*z - z = 105. Suppose -11*m = -m - 60. Calculate the remainder when z is divided by m.
3
Let a = -71 + 100. What is the remainder when a is divided by 8?
5
Let t(f) = 3*f**2 - 2*f - 2. What is the remainder when 16 is divided by t(2)?
4
Suppose -2*i - 10 = -22. What is the remainder when 9 is divided by i?
3
Suppose 2*c = 6*c - 20. What is the remainder when 19 is divided by c?
4
Let q = -43 + 75. What is the remainder when q is divided by 12?
8
Let g = 7 + -7. Suppose g = 3*i + 15, -3*d + i - 27 = -4*d. Let k = -14 - -31. Calculate the remainder when d is divided by k.
15
Suppose -3*z = -15, -2*z + 23 = 2*m - 5*z. What is the remainder when 73 is divided by m?
16
Let r(x) be the third derivative of x**6/120 + 2*x**5/15 - x**4/12 - 2*x*